ose -1856 = -4*s - y. Is s composite?
False
Suppose -152669 - 23635 = -6*g. Let p = 45661 - g. Is p a prime number?
False
Suppose -25*s + 30*s - 2250 = 0. Suppose -39*b + 29*b = s. Is (12/27)/(-2) - 39745/b prime?
True
Let z = -154 + 274. Let g be 2504/z + (-2)/(-15). Is 4925/35 + 6/g a prime number?
False
Let f be 14155 - (-4)/16*4. Suppose 13*p + 2365 = f. Is p composite?
False
Let q(w) = -490*w**3 - 3*w**2 + 216*w + 2289. Is q(-10) a prime number?
False
Let j(l) = -l**2 - l + 6. Let y be j(3). Let i = 9 + y. Let z(r) = 4*r**3 + r**2 - r + 1. Is z(i) a composite number?
True
Let j(h) = -20*h**2 - 53*h + 14214. Let v(y) = 7*y**2 + 18*y - 4739. Let w(d) = 6*j(d) + 17*v(d). Is w(0) a composite number?
False
Suppose 24 = 4*s, -4980313 = -5*x - 6*s + 3*s. Is x prime?
False
Suppose -5*w + 15 + 5 = 0. Suppose -8*z - 12 - w = 0. Is z/14 - (-44256)/112 a composite number?
True
Let w = -7933 - -14225. Let s = w + -823. Is s a composite number?
True
Suppose -11*r + 16508403 + 6471039 = 211*r. Is r a composite number?
False
Let n = 318 + -316. Suppose -n*l - 780 = -2*v, 2*v - 784 = 10*l - 9*l. Is v composite?
True
Suppose 5*a - 360684 = -2*c, -105*c - 721384 = -109*c - 2*a. Is c a prime number?
True
Let t(m) = -53389*m - 5388. Is t(-5) prime?
True
Let x be (-10*(-2)/12)/(60/72). Suppose -5*a + x*r = -3425, 45*a - 3*r = 48*a - 2034. Is a a composite number?
False
Let x = 541105 + -257436. Is x prime?
True
Let x(l) = l**2 - l + 6. Let p be x(0). Suppose -4*n = 5*z - 7921, -5*n - 6338 = -4*z - 7*n. Suppose -p*w = -w - z. Is w a prime number?
True
Suppose 4381263 = 3*u + 4*j, 54*j - 53*j - 4381245 = -3*u. Is u composite?
False
Let c(h) = -2*h**3 - 207*h**2 - 61*h - 473. Is c(-110) a composite number?
True
Let n(g) be the first derivative of 25*g**3/3 + 9*g**2/2 - 10*g - 20. Let u be n(-10). Suppose 0*k - 5*k = 3*s - 1438, 5*s = -5*k + u. Is s a composite number?
True
Is 625102/(12/2 - (6 + -11 + 9)) a prime number?
True
Let o(v) be the third derivative of 331*v**7/168 + v**6/180 - v**5/60 + v**3 + 18*v**2. Let t(g) be the first derivative of o(g). Is t(1) a prime number?
False
Let s = 13 - -72. Suppose 11*o + 30 = s. Suppose -2*r + 2502 = -o*d, 5*r - 5*d = -7*d + 6313. Is r composite?
True
Let p(l) = -7*l**3 + l**2 - 16*l - 5. Suppose 71*g - 18 = 73*g. Is p(g) prime?
True
Let r(m) = m - 18. Let c be r(22). Let y be c/(48/15)*(-928)/(-4). Suppose -y + 1913 = g. Is g a composite number?
True
Let s(x) = 71*x + 23. Let p be s(2). Let y be 10/10 + 1*150. Suppose 0 = -4*d + y + p. Is d prime?
True
Let d(c) = -5*c - 5. Let y(p) = -p**2 + p + 1. Let s(x) = -4*d(x) + 4*y(x). Let m be s(-21). Let u = -1079 - m. Is u composite?
True
Let i be (6959475/(-50))/(1/(-2)). Suppose -10*l = -19*l + i. Is l a composite number?
False
Let f(h) = -556*h**3 + 8*h**2 - 22*h + 5. Is f(-6) a composite number?
True
Let h(z) = 63841*z**2 - 14*z - 63837*z**2 - 50*z + 35. Is h(29) composite?
False
Let b(a) = -a**3 + 3*a**2 + 2*a - 3. Let v be b(3). Suppose -v*x - 9 = 0, 2*k - 3*x + 721 = -1500. Let w = k + 1566. Is w a composite number?
True
Is (-337366)/(-3) + 572/156 prime?
True
Suppose 7296 = 3*t + 16*t. Suppose u - t = 374. Is u a composite number?
True
Let z(j) = j**3 + 10*j**2 - 15*j + 8. Let m be z(-11). Suppose -m*r + 2561846 = -14*r. Is r composite?
True
Let y = 9 - 13. Let n = 3514 + -1906. Is ((-1)/(-4)*-2)/(y/n) a prime number?
False
Let r(x) = -54*x + 39*x + 29 + 5*x**3 + x**3 + 13*x**2 - 4*x**3. Is r(11) a prime number?
True
Is (-30)/(-21) + (-1923099)/(-483) a prime number?
False
Suppose -4*r + 8 = -3*j, -5*r + 2*j + 16 = -1. Let w(p) = -11*p - 30. Let t be w(-3). Suppose 4*o + h = 456, h + 567 = r*o + t*h. Is o a prime number?
False
Suppose -5*o = -4*x - 29495, 3*x + 0*x = -4*o + 23596. Is o a composite number?
True
Let t be -3*4/(-6) + 7. Let s(r) = 3*r**2 - 34*r + 10. Let c(n) = 10*n**2 - 100*n + 30. Let z(y) = 6*c(y) - 17*s(y). Is z(t) a prime number?
True
Let c be ((-9)/(-6))/(24/(-112)). Is c/(-28)*(0 - (-21884)/1) a composite number?
False
Let u be 2/((-24)/489) + (-39)/(-52). Is (-661904)/u - (9/15 - 0) prime?
True
Let l(h) = -h**3 + 17*h**2 + 10*h - 29. Let y be l(17). Suppose -19*z + 79336 + y = 0. Is z prime?
False
Suppose 11*o + 0*o - 3*o = 7506632. Is o prime?
False
Suppose -5*x - 4*h + 10214483 = 0, -2*x = -53*h + 48*h - 4085747. Is x a prime number?
True
Is (-23127698)/(-176) + -4*(-18)/(-192) a composite number?
True
Let n(g) = 804*g**2 - 22*g + 61. Is n(8) a composite number?
False
Let h(j) = -97*j + 24. Let k = -13 + 17. Let u be h(k). Let v = u + 621. Is v a composite number?
False
Suppose 4*x = -583 - 37729. Let o = x + 18631. Is o a composite number?
True
Let y(f) be the second derivative of -7/2*f**2 + 24*f + 836/3*f**3 + 0. Is y(5) prime?
True
Suppose 4957209 - 638889 = 543*t - 303*t. Is t composite?
True
Let q(k) = 2*k + 1. Let c(g) = -g**2 + g + 1. Let r(x) = -3*c(x) + q(x). Let z be r(-3). Is 16786/8 + 21/z prime?
True
Suppose 23117289 = 56*f + 12*f + 25*f. Is f composite?
True
Suppose 42*u = 16*u + 14*u + 3472764. Is u prime?
True
Let b(i) = 1357*i**2 + 69*i + 3. Is b(-9) composite?
True
Let s be (1 - 9/6)*10*-2. Suppose -s*o + 3724 = -5046. Is o prime?
True
Let q(y) = -128 + 13*y + 67 + 4*y. Let x be q(4). Is (-2)/x + (8801/7 - -2) prime?
True
Suppose 34*d + 62 - 164 = 0, -4*b - 3*d + 2102981 = 0. Is b composite?
True
Let j(r) = -701*r + 60581. Is j(0) composite?
True
Let v = -96 - -99. Suppose -4*g + 5*x = -5492, 5*g + v*x = 2*g + 4119. Suppose 2*b + 3578 = -4*h + 9046, 0 = -h + b + g. Is h composite?
True
Suppose 2*f - 146508 = 721174. Is f a prime number?
False
Is (1263 - 0/3) + (25 + -10 - 19) composite?
False
Suppose 0 = -20*g + 1776659 + 347921. Is g prime?
False
Is 1/(-2) + 64/512 - 528790/(-16) a composite number?
False
Let m(n) = 139*n - 1200. Is m(11) composite?
True
Let q(b) = 116*b**2 - 14*b + 91*b**2 - 54*b**2 + 10 - 1. Is q(-4) a prime number?
False
Let r(g) = 36*g**2 - 65*g + 7. Let l be r(-9). Suppose 49*a - 45*a - l = 0. Is a a prime number?
True
Let a(f) = 12238*f**2 + 31*f + 112. Is a(-3) a composite number?
False
Suppose 7*h = 48 - 27. Suppose -h*f = l - 128, -2*f - 673 + 118 = -5*l. Is l a composite number?
False
Let n(c) = -5979*c + 313. Is n(-6) a composite number?
False
Let s(h) = 2*h**3 - 4*h**2 + 3*h - 23. Let p = 105 - 95. Let u be s(p). Suppose -m - u = -2*m + 2*o, -5*m + 8005 = -4*o. Is m prime?
True
Suppose 19 = -5*x + 6*x - 3*l, -3*l = -5*x + 47. Let m(n) = 20*n + x - 85*n - n. Is m(-6) a prime number?
False
Suppose -143 - 157 = -3*o. Let i = o - 85. Is (5/i)/(4/6252) a composite number?
False
Let k(m) = 53*m**3 - 5*m**2 + 4*m - 3. Let g be k(1). Suppose -g*x = -56*x + 110537. Is x a composite number?
False
Let u(t) = -7020*t**3 + 5*t**2 + 42*t + 88. Is u(-3) prime?
True
Suppose 12*b - 4*r = 8*b + 2490384, -b = 3*r - 622624. Is b composite?
False
Let a(w) = 2128*w - 29. Let p(l) = -l**3 - 22*l**2 - 24*l - 61. Let s be p(-21). Is a(s) prime?
False
Suppose -35 = -3*j + 8*j. Let a be 3 - (0 + -1403 - (-21)/j). Is ((-8)/12)/(-2)*(a - 2) a prime number?
False
Let d be -718*(0 - -4)*-1. Suppose 4*s - d = 940. Let m = 254 + s. Is m a prime number?
False
Let w(x) = -1 + 8*x + 62*x**2 - x - 3*x + 6*x**3 - 50*x**2. Is w(9) prime?
True
Let v be 488/(-9) + 2/9. Let t = v + 1267. Is t a prime number?
True
Suppose -2*s + 4*s = 23114. Suppose 23*j - 10*j = s. Is j a prime number?
False
Let i(r) = r**3 - 97*r**2 - 195*r - 691. Is i(102) prime?
False
Suppose 0 = -10*l + 3*l - 151452. Let f be l/(-21) + (10/14 - 1). Let j = f + -449. Is j a prime number?
False
Let r(o) = 4822*o**2 - 272*o + 27. Is r(20) a prime number?
False
Is (1 + 1)*(-348135252)/(-456) a prime number?
True
Suppose 2*z = -5*s + 440, 4*z = 2*s + 469 + 435. Suppose -3*h + z = 3*y, 10*y - 9*y = h - 83. Is h a composite number?
False
Let d be 2/11 + 0 + 100/(-550). Suppose d = 15*o - 8*o - 4109. Is o a prime number?
True
Let g = 566 - -160. Suppose 3*q - g = 2775. Is q a prime number?
False
Let j(v) = -2754*v - 92. Let h(p) = 1836*p + 62. Let u(t) = -7*h(t) - 5*j(t). Is u(6) a prime number?
False
Let t(k) = -1. Let w(n) = -3755*n - 11. Let g(q) = 5*t(q) - w(q). Is g(1) a composite number?
False
Suppose -4*o + 81 = 5*a, a + 74 = 4*o - a. Let j = -17 + o. Is -4 - (